{"id":1403,"date":"2020-07-17T10:07:48","date_gmt":"2020-07-17T13:07:48","guid":{"rendered":"http:\/\/www.vgaauditores.com.br\/web\/?page_id=1403"},"modified":"2020-09-08T11:33:19","modified_gmt":"2020-09-08T14:33:19","slug":"terceirizacao-de-auditorias-internas","status":"publish","type":"page","link":"https:\/\/www.vgaauditores.com.br\/web\/servicos\/terceirizacao-de-auditorias-internas\/","title":{"rendered":"Terceiriza\u00e7\u00e3o de auditorias internas"},"content":{"rendered":"<div class=\"wpb-content-wrapper\"><p>[vc_row css_animation=&#8221;&#8221; row_type=&#8221;row&#8221; use_row_as_full_screen_section=&#8221;no&#8221; type=&#8221;full_width&#8221; angled_section=&#8221;no&#8221; text_align=&#8221;left&#8221; background_image_as_pattern=&#8221;without_pattern&#8221; z_index=&#8221;&#8221; css=&#8221;.vc_custom_1594933015573{padding-top: 5% !important;padding-right: 6% !important;padding-bottom: 5% !important;padding-left: 6% !important;}&#8221;][vc_column][vc_column_text]A\u00a0<strong>VGA Auditores Independentes<\/strong>\u00a0presta servi\u00e7os de terceiriza\u00e7\u00e3o da auditoria interna com a vantagem da independ\u00eancia e do desenvolvimento dos trabalhos por uma equipe treinada, com conhecimento agregado de diversas Empresas com custos inferiores ao de se manter e treinar uma equipe interna. Temos profissionais associados ao Instituto dos Auditores Internos do Brasil \u2013 IAA e seguimos a metodologia CSA em Control Sefl-Assessment.<\/p>\n<p>A seguir destacamos alguns benef\u00edcios obtidos com a contrata\u00e7\u00e3o da Auditoria Interna Terceirizada:<\/p>\n<ul>\n<li>\u00c9 mais econ\u00f4mica, tendo em vista os altos encargos de natureza trabalhista de se manter uma equipe pr\u00f3pria qualificada e em constante atualiza\u00e7\u00e3o;<\/li>\n<li>A vis\u00e3o de profissionais de fora pode ser o oxig\u00eanio necess\u00e1rio para que as falhas sejam detectadas com precis\u00e3o e o sistema de gerenciamento das a\u00e7\u00f5es decorrentes seja efetivo, sem abrir possibilidade a mascaramentos;<\/li>\n<li>Quando realizada por empresa e profissionais com experi\u00eancia e credibilidade, confere um olhar profundo, maduro e especializado \u00e0 quest\u00f5es que raramente uma equipe enxuta pr\u00f3pria poder\u00e1 ofertar;<\/li>\n<li>\u00c9 multidisciplinar, quando realizada por empresa com profissionais com forma\u00e7\u00f5es e experi\u00eancia em diversas \u00e1reas e setores, pode abordar problem\u00e1ticas nunca antes levantadas, e<\/li>\n<li>\u00c9 realmente independente, por n\u00e3o manter v\u00ednculo direto com a organiza\u00e7\u00f5es e seu pessoal, evitando quest\u00f5es delicadas como expor erros e inconsist\u00eancias de colegas de trabalhos ou superiores.<\/li>\n<\/ul>\n<p>[\/vc_column_text][\/vc_column][\/vc_row]<\/p>\n<\/div>","protected":false},"excerpt":{"rendered":"<p>[vc_row css_animation=&#8221;&#8221; row_type=&#8221;row&#8221; use_row_as_full_screen_section=&#8221;no&#8221; type=&#8221;full_width&#8221; angled_section=&#8221;no&#8221; text_align=&#8221;left&#8221; background_image_as_pattern=&#8221;without_pattern&#8221; z_index=&#8221;&#8221; css=&#8221;.vc_custom_1594933015573{padding-top: 5% !important;padding-right: 6% !important;padding-bottom: 5% !important;padding-left: 6% !important;}&#8221;][vc_column][vc_column_text]A\u00a0VGA Auditores Independentes\u00a0presta servi\u00e7os de terceiriza\u00e7\u00e3o da auditoria interna com a vantagem da independ\u00eancia e do desenvolvimento dos trabalhos por uma equipe treinada, com conhecimento agregado de diversas&#8230;<\/p>\n","protected":false},"author":1,"featured_media":0,"parent":273,"menu_order":0,"comment_status":"closed","ping_status":"closed","template":"full_width.php","meta":{"_joinchat":[],"footnotes":""},"class_list":["post-1403","page","type-page","status-publish","hentry"],"_links":{"self":[{"href":"https:\/\/www.vgaauditores.com.br\/web\/wp-json\/wp\/v2\/pages\/1403","targetHints":{"allow":["GET"]}}],"collection":[{"href":"https:\/\/www.vgaauditores.com.br\/web\/wp-json\/wp\/v2\/pages"}],"about":[{"href":"https:\/\/www.vgaauditores.com.br\/web\/wp-json\/wp\/v2\/types\/page"}],"author":[{"embeddable":true,"href":"https:\/\/www.vgaauditores.com.br\/web\/wp-json\/wp\/v2\/users\/1"}],"replies":[{"embeddable":true,"href":"https:\/\/www.vgaauditores.com.br\/web\/wp-json\/wp\/v2\/comments?post=1403"}],"version-history":[{"count":1,"href":"https:\/\/www.vgaauditores.com.br\/web\/wp-json\/wp\/v2\/pages\/1403\/revisions"}],"predecessor-version":[{"id":1404,"href":"https:\/\/www.vgaauditores.com.br\/web\/wp-json\/wp\/v2\/pages\/1403\/revisions\/1404"}],"up":[{"embeddable":true,"href":"https:\/\/www.vgaauditores.com.br\/web\/wp-json\/wp\/v2\/pages\/273"}],"wp:attachment":[{"href":"https:\/\/www.vgaauditores.com.br\/web\/wp-json\/wp\/v2\/media?parent=1403"}],"curies":[{"name":"wp","href":"https:\/\/api.w.org\/{rel}","templated":true}]}}